?
3
What is the ten millions digit of 45373986?
4
What is the millions digit of 3692219911?
2
What is the millions digit of 81100865?
1
What is the tens digit of 11825561?
6
What is the tens digit of 313717209?
0
What is the thousands digit of 745282360?
2
What is the hundred millions digit of 1960361310?
9
What is the hundreds digit of 27320631?
6
What is the ten thousands digit of 58317433?
1
What is the hundred thousands digit of 2608337717?
3
What is the ten thousands digit of 2165145837?
4
What is the units digit of 767496675?
5
What is the hundred millions digit of 8519673049?
5
What is the ten thousands digit of 68689897?
8
What is the tens digit of 71708416?
1
What is the hundred millions digit of 4085748332?
0
What is the millions digit of 19360900?
9
What is the hundreds digit of 145594787?
7
What is the millions digit of 3368912007?
8
What is the ten millions digit of 57691079?
5
What is the ten millions digit of 3245878570?
4
What is the hundred thousands digit of 3444211894?
2
What is the units digit of 61836413?
3
What is the ten thousands digit of 10256626?
5
What is the ten thousands digit of 37054925?
5
What is the units digit of 148180920?
0
What is the ten thousands digit of 8719747361?
4
What is the hundreds digit of 3259173443?
4
What is the hundreds digit of 86191667?
6
What is the millions digit of 36849552?
6
What is the ten millions digit of 54017500?
5
What is the hundred millions digit of 103795883?
1
What is the tens digit of 58327326?
2
What is the thousands digit of 2047832818?
2
What is the tens digit of 154468565?
6
What is the ten millions digit of 115923032?
1
What is the tens digit of 685244770?
7
What is the units digit of 230959812?
2
What is the millions digit of 708058690?
8
What is the thousands digit of 1164406883?
6
What is the tens digit of 634220941?
4
What is the tens digit of 12957777?
7
What is the tens digit of 115267749?
4
What is the units digit of 101024942?
2
What is the ten millions digit of 14971754?
1
What is the tens digit of 1170644865?
6
What is the millions digit of 5109475826?
9
What is the units digit of 44797402?
2
What is the ten thousands digit of 337853713?
5
What is the hundred thousands digit of 3700116507?
1
What is the millions digit of 66705093?
6
What is the hundred millions digit of 861188989?
8
What is the hundred thousands digit of 558873292?
8
What is the thousands digit of 64851110?
1
What is the ten thousands digit of 763488443?
8
What is the tens digit of 1070835838?
3
What is the millions digit of 427334900?
7
What is the hundred thousands digit of 70472279?
4
What is the tens digit of 373196128?
2
What is the ten thousands digit of 585558954?
5
What is the hundreds digit of 3493514064?
0
What is the thousands digit of 24534728?
4
What is the hundreds digit of 76921264?
2
What is the tens digit of 1888630688?
8
What is the hundred thousands digit of 131508723?
5
What is the millions digit of 262217871?
2
What is the ten thousands digit of 399428108?
2
What is the units digit of 8735809?
9
What is the ten millions digit of 1868588787?
6
What is the millions digit of 38893802?
8
What is the units digit of 288938705?
5
What is the hundreds digit of 11345296?
2
What is the ten thousands digit of 202580906?
8
What is the thousands digit of 49000518?
0
What is the hundreds digit of 28907514?
5
What is the millions digit of 429522526?
9
What is the hundred thousands digit of 2781240049?
2
What is the millions digit of 111568727?
1
What is the ten millions digit of 154631712?
5
What is the tens digit of 5143897178?
7
What is the units digit of 3412371773?
3
What is the units digit of 199053510?
0
What is the units digit of 34673094?
4
What is the ten thousands digit of 5145215720?
1
What is the ten thousands digit of 555317432?
1
What is the tens digit of 105042321?
2
What is the ten thousands digit of 106400872?
0
What is the hundred millions digit of 589124581?
5
What is the tens digit of 211764436?
3
What is the thousands digit of 44714778?
4
What is the thousands digit of 1339196983?
6
What is the ten millions digit of 180086760?
8
What is the ten millions digit of 43301169?
4
What is the hundred millions digit of 1706147644?
7
What is the hundred millions digit of 353332845?
3
What is the thousands digit of 427125364?
5
What is the tens digit of 37450111?
1
What is the hundred millions digit of 1071121833?
0
What is the hundred thousands digit of 65873478?
8
What is the thousands digit of 1332238075?
8
What is the ten millions digit of 547937515?
4
What is the ten millions digit of 30983072?
3
What is the hundreds digit of 36642943?
9
What is the hundred thousands digit of 91507753?
5
What is the units digit of 47152515?
5
What is the hundred millions digit of 659940487?
6
What is the ten thousands digit of 69061535?
6
What is the tens digit of 232830501?
0
What is the billions digit of 1142771914?
1
What is the hundred millions digit of 247878444?
2
What is the ten millions digit of 26484155?
2
What is the thousands digit of 187480658?
0
What is the units digit of 342581607?
7
What is the thousands digit of 629732801?
2
What is the units digit of 315808431?
1
What is the units digit of 67453068?
8
What is the ten millions digit of 121573109?
2
What is the units digit of 391791668?
8
What is the ten thousands digit of 113355004?
5
What is the units digit of 14364967?
7
What is the thousands digit of 628887670?
7
What is the hundreds digit of 3103285?
2
What is the thousands digit of 34066931?
6
What is the millions digit of 51383497?
1
What is the hundred millions digit of 202848247?
2
What is the units digit of 16582895?
5
What is the hundreds digit of 145467495?
4
What is the hundred thousands digit of 406349438?
3
What is the units digit of 379428177?
7
What is the hundreds digit of 67945970?
9
What is the hundred thousands digit of 232212706?
2
What is the units digit of 7731318?
8
What is the hundred thousands digit of 297350333?
3
What is the ten thousands digit of 3602315244?
1
What is the tens digit of 5417678528?
2
What is the billions digit of 2946567726?
2
What is the ten thousands digit of 2760671028?
7
What is the tens digit of 78832014?
1
What is the hundred millions digit of 5319296770?
3
What is the hundreds digit of 48593887?
8
What is the units digit of 15224893?
3
What is the thousands digit of 35786959?
6
What is the ten millions digit of 1436952292?
3
What is the millions digit of 332149954?
2
What is the hundreds digit of 688244630?
6
What is the hundred millions digit of 755276538?
7
What is the hundred thousands digit of 41409005?
4
What is the ten millions digit of 240400639?
4
What is the tens digit of 57602879?
7
What is the thousands digit of 574400826?
0
What is the hundreds digit of 3963356100?
1
What is the ten thousands digit of 55322780?
2
What is the hundred thousands digit of 286699734?
6
What is the hundred millions digit of 7047664741?
0
What is the thousands digit of 1870021992?
1
What is the thousands digit of 239955403?
5
What is the ten millions digit of 68171532?
6
What is the thousands digit of 3668124718?
4
What is the hundred thousands digit of 2806816873?
8
What is the tens digit of 364157022?
2
What is the hundreds digit of 57983514?
5
What is the hundred millions digit of 3755905675?
7
What is the hundreds digit of 120028080?
0
What is the hundred thousands digit of 1043632302?
6
What is the hundred thousands digit of 215208004?
2
What is the ten thousands digit of 8520368?
2
What is the ten thousands digit of 57373495?
7
What is the ten thousands digit of 1295143766?
4
What is the hundred thousands digit of 316585292?
5
What is the hundreds digit of 641111706?
7
What is the millions digit of 1746873929?
6
What is the hundreds digit of 107444437?
4
What is the tens digit of 293769170?
7
What is the ten thousands digit of 1066630218?
3
What is the millions digit of 2175232069?
5
What is the hundred thousands digit of 440914852?
9
What is the units digit of 17784372?
2
What is the tens digit of 507735645?
4
What is the millions digit of 85739231?
5
What is the hundred millions digit of 495330319?
4
What is the units digit of 13788832?
2
What is the tens digit of 6594760526?
2
What is the ten thousands digit of 73471438